ppose 20*h - 15*h = 11360. Suppose 0 = 7*o - h + 669. What are the prime factors of o?
229
List the prime factors of 42752 + (16 + -9 - (3 + 0)).
2, 3, 7, 509
Suppose 5*f = -d + 2358 + 51, 5*f + 3*d = 2407. Suppose 0 = 5*z - 0*z + 20, -3*z = -2*n + f. What are the prime factors of n?
5, 47
Suppose -90*n = -93*n + 108. Suppose 4*w = -8*w + n. Suppose -2*z + w*x + 281 = -40, 1 = x. What are the prime factors of z?
2, 3
Let l = -116 - -148. Suppose 4*m - 1580 = -l. List the prime factors of m.
3, 43
Let v(i) = -7*i**3 - 38*i**2 - 118*i + 44. What are the prime factors of v(-14)?
2, 29
Let p be (0 + -1)*(84 + -12181). Suppose -18*c = -p - 7505. What are the prime factors of c?
3, 11
Let o(h) = h**3 + 20*h**2 + 3*h - 23. Suppose -88 = -4*f - 160. What are the prime factors of o(f)?
571
Let r be (-53 - -39)*(1 + 1*-2). Suppose 0 = -r*h + 27*h - 4563. What are the prime factors of h?
3, 13
Suppose 5*n = -2*m + 35799, 0 = 3*n - 5*m - 13535 - 7963. What are the prime factors of n?
3, 7, 11, 31
Let o(a) = 300*a**2 - 1106*a - 2. What are the prime factors of o(9)?
2, 11, 163
Let j(q) = 850*q - 4654. What are the prime factors of j(13)?
2, 3, 13, 41
Let i be (-18151)/(-9) + 4/18. Suppose -4*z = 5*v + i, 4*z + 4*v = 5*z + 499. What are the prime factors of (-6)/9 + z/(-3)?
167
Let g be ((-30)/(-33))/5 - (-53)/11. Suppose 4*z + g*d - 3775 = -0*z, -12 = -4*d. What are the prime factors of z?
2, 5, 47
Let j(n) = 2*n**2 - 16*n + 17. Let u be j(7). Suppose -75 = u*z - 54. Let x = z - -19. What are the prime factors of x?
2, 3
Suppose -17*a = -12*a. Suppose 0 = 4*z - 5*z - 2*c + 9, a = -2*c + 10. List the prime factors of z - (-4 - -1 - 79).
3
Let f(d) = -5*d + d + d**2 + 2 + 6. Let l be f(5). Suppose 63 - l = t. What are the prime factors of t?
2, 5
Let o = -47 + 78. Suppose 27*y - o*y = 280. Let d = y - -160. List the prime factors of d.
2, 3, 5
Let r(u) = 2*u**2 - u - 3. Let o be r(2). Let k(i) = -i**2 + 3*i - 5. Let y be k(o). What are the prime factors of y + 1137/5 + 9/15?
223
Let s(q) = -q**3 - 13*q**2 + 40*q + 56. Let x be s(-17). Let z = x - 370. List the prime factors of z.
2, 3
Suppose -8*g = -19*g + 66. Suppose g*x + 1570 = 8182. List the prime factors of x.
2, 19, 29
What are the prime factors of ((-4526)/248)/(4 + 3217/(-804))?
3, 67, 73
Let p(q) = -q**3 + 14*q**2 + 15*q + 8. Let n be -2*2/(1 - (-76)/(-60)). Let z be p(n). Suppose z*s - 29 + 5 = 0. List the prime factors of s.
3
Let o(u) = -4*u**3 - 4*u**2 + 37*u + 569. List the prime factors of o(-14).
10243
Let j(f) = -185*f + 516. What are the prime factors of j(-8)?
2, 499
Let l(k) be the third derivative of k**5/6 - k**4/6 - k**3/3 + k**2 - 73*k. Let q be 2*(2 + -3) - 1. What are the prime factors of l(q)?
2, 5
Let w(q) = -q**3 - 2*q**2 + 4. Let f be w(-2). Let n be ((-1)/2)/(7/(-70)). Suppose -n*z + 33 = -f*z. What are the prime factors of z?
3, 11
Suppose -4 = w + w - 4*t, 22 = 4*w + 2*t. Suppose 2*a = 5*m - 0*a - 636, 2*a = w. Let h = 138 - m. List the prime factors of h.
2, 5
Suppose -4*s + 252 - 280 = 0. List the prime factors of 6/(s + 7 - 2/(-557)).
3, 557
What are the prime factors of 1970/(-50) - -40 - (37282/(-5) + 1)?
2, 233
Let y(r) = r**3 + 4*r**2 - 4*r + 26504. List the prime factors of y(0).
2, 3313
Let t(r) = -10*r**2 - 2*r + 3. Let k be t(2). Let b = 4080 - 4024. Let a = k + b. List the prime factors of a.
3, 5
Let d(f) = -6*f**2 + 152*f - 149. What are the prime factors of d(23)?
173
Let m be (-9)/(18/8) + 6. Suppose -m*v - 3*v = -10. Let x = 9 + v. List the prime factors of x.
11
Suppose -3*p + 4*a + 29 = 0, -4*p + 2*a + 2*a = -32. Suppose -1 = -p*v + 11. Suppose v*r - 3 = 3*q + 45, -34 = -2*r - q. List the prime factors of r.
3, 5
Let u(n) = 38*n**2 + 3*n + 9. Let z be u(-4). Let y = z + -403. List the prime factors of y.
2, 101
Suppose 3*f + 3 = 18, -5*c + f = 50. Let x(g) = g**3 + 10*g**2 - 27*g - 7. List the prime factors of x(c).
317
Let m(l) = -3*l - 1. Let p(f) = -285*f + 186. Let d(c) = -15*m(c) + p(c). List the prime factors of d(-4).
3, 43
Suppose 0 = -2*r + 17 + 43. Suppose -42 - r = -4*v. List the prime factors of v*(76/8 + -4).
3, 11
Suppose 431 = u + o - 3*o, -868 = -2*u - 2*o. Suppose -614 = -4*p + 4*i - 46, 4*i = -3*p + u. List the prime factors of p.
11, 13
Let d = 8 + 31. Let v(w) = 39*w**2 - 4*w - 12. Let s be v(2). Let b = s + d. What are the prime factors of b?
5, 7
Suppose -36196 = 2994*a - 2998*a. What are the prime factors of a?
9049
Let l(n) = 2*n**3 - 16*n**2 + n - 7. Let p be l(7). Let t = p + 335. What are the prime factors of t?
3, 79
Let n = -59 - -78. Suppose -15*j + n*j = 1128. Suppose -j = -5*l - l. List the prime factors of l.
47
Let b(a) = a**3 + 7*a**2 + 7*a + 9. Let c be b(-6). Suppose -335 - 718 = -c*k. Let o = k - 250. List the prime factors of o.
101
Let y(r) = 540*r**2 - 272*r + 4. What are the prime factors of y(3)?
2, 11, 23
Let v(u) = u**3 - 19*u**2 - 21*u - 8. Let k be v(19). Let f = -27 - k. What are the prime factors of f?
2, 5, 19
Let l = 333 - 319. What are the prime factors of 40*-1*((-4459)/l)/7?
2, 5, 7, 13
Let u(l) = -17*l**3 - 2*l**2 - 4. Let v be u(-2). Let c = v - 36. List the prime factors of c.
2, 11
Suppose 8*y = -1 - 31. What are the prime factors of 16/(y/26 - (-80)/351)?
2, 3
Let v be (6/(-5))/((54/(-150))/3). Suppose 3*j - 65 = -c, 0 = 5*c - 13*j + v*j - 379. What are the prime factors of c?
2, 37
Suppose 3*t = -0*t + 5*d - 3, -t - 1 = -3*d. Let f be (-1)/t*(-13 - -3). List the prime factors of (-476)/f + (6/5)/(-2).
47
Suppose -89*l - 4*z - 123845 = -92*l, -l - z + 41291 = 0. What are the prime factors of l?
19, 41, 53
Let g(i) = 3*i**2 + 57*i - 549. What are the prime factors of g(30)?
3, 11, 13
Suppose 3*l = -l + z + 2224, 5*z = 2*l - 1130. Let j = l - 269. What are the prime factors of j?
2, 11, 13
Suppose -8*m - 2*b = -3*m - 5520, m = -b + 1107. Suppose -3*n = -353 - m. What are the prime factors of n?
5, 97
Let o = 28 - 32. Let w be (-4144)/30 + o/(-30). Let g = w - -207. What are the prime factors of g?
3, 23
Let b = -3339 + 6325. Suppose 9*a = b - 1159. List the prime factors of a.
7, 29
Let b = 266 + 7556. What are the prime factors of b?
2, 3911
List the prime factors of (1 + -2)*273537/54*(-4)/6.
11, 307
Let j = 12024 - 2388. List the prime factors of j.
2, 3, 11, 73
Let d(k) = -15*k + 11*k - 5 - 12*k. Let z be d(-1). Suppose 100 - 34 = z*u. What are the prime factors of u?
2, 3
Let w = 125 - 117. Suppose -w*k + 302 = -7*k. List the prime factors of k.
2, 151
Suppose 0 = 5*n - n + 5*v + 43, 3*v = -9. Let b(d) = -d**3 + 4*d**2 + 4*d + 9. Let i be b(n). Suppose -i - 83 = -3*u. What are the prime factors of u?
3, 67
Let a = 54 - 50. Suppose -10 - 68 = 3*d + 5*l, 0 = a*d + 3*l + 93. Let o = 91 - d. What are the prime factors of o?
2, 7
Let d(m) = m. Let o be d(1). Suppose -4*f + 33 = o. Suppose -f*l + 15 = -33. List the prime factors of l.
2, 3
Let w(c) = -c**3 + 7*c**2 - 11*c + 9. Let n be w(5). Suppose 11*x + j = 6*x + 1705, 1364 = 4*x + n*j. What are the prime factors of x?
11, 31
Let q(w) = -25601*w - 68. What are the prime factors of q(-2)?
2, 37, 691
Let q(o) = o**2 - o + 16. Suppose 0 = 5*z - 10*z - v - 78, -4*z - 72 = 4*v. List the prime factors of q(z).
2
Let w = 263 + -250. Let y(b) be the third derivative of b**5/60 - b**4/24 + 7*b**3/3 + 7*b**2. What are the prime factors of y(w)?
2, 5, 17
Let v be (-6)/36*3*746. Let r = v + 1121. What are the prime factors of r?
2, 11, 17
Suppose 1223*h = 1205*h + 1477584. List the prime factors of h.
2, 31, 331
Let w(b) = b**3 + 4*b**2 - 3*b + 10. Let r be w(-5). Suppose -f = -r*f + 68. Let q = f + 154. What are the prime factors of q?
2, 43
Suppose 2*b + 14 = -8. Let q(p) = -p**3 - 12*p**2 - 4*p - 24. Let d be q(b). Let s = d - -162. What are the prime factors of s?
61
Suppose -231*z + 229*z = 956. Let k = z + 833. List the prime factors of k.
5, 71
Suppose 4*j = 3*d + 8, 4 - 12 = 5*d - 4*j. List the prime factors of d - -1*(4 - 1) - -6.
3
Suppose 15*k - 2591 + 1106 = 0. Suppose k*n - 104*n + 195 = 0. What are the prime factors of n?
3, 13
Suppose 0 = -8*c + 47 + 17. Suppose 70 = -c*w - 2*w. What are the prime factors of (40/(-100))/(w/375)*7?
2, 3, 5
Suppose 85670 = 2*u + v, 3*v + 85678 = -1583*u + 1585*u. List the prime factors of u.
2, 10709
Suppose 